ctor of 1521 and 6669.
117
What is the highest common divisor of 28726 and 18?
2
Calculate the greatest common factor of 88 and 174548.
44
What is the greatest common factor of 780 and 287092?
52
What is the highest common divisor of 4288 and 1216?
64
Calculate the greatest common factor of 141718 and 118.
118
Calculate the greatest common factor of 69361 and 1996.
499
Calculate the highest common divisor of 3659812 and 52.
52
Calculate the greatest common factor of 99639 and 45.
9
Calculate the highest common factor of 786 and 4116020.
262
What is the highest common divisor of 52195 and 77?
11
What is the greatest common divisor of 7006 and 160912?
226
Calculate the highest common divisor of 13 and 356408.
13
Calculate the highest common factor of 846 and 7866.
18
What is the greatest common divisor of 864 and 4650?
6
What is the highest common divisor of 627 and 9861?
57
Calculate the greatest common factor of 7003 and 6439.
47
What is the greatest common factor of 30974 and 476?
34
What is the highest common divisor of 48904 and 16?
8
Calculate the greatest common factor of 1960 and 2660.
140
Calculate the greatest common factor of 4266686 and 614.
614
What is the greatest common divisor of 161 and 9317?
7
What is the highest common factor of 518 and 10138?
74
What is the highest common factor of 53 and 1365227?
53
What is the highest common divisor of 22449 and 2436?
21
Calculate the greatest common factor of 16770 and 364.
26
What is the highest common factor of 4293 and 405?
81
What is the greatest common divisor of 286 and 24772?
22
What is the greatest common factor of 105 and 72695?
35
Calculate the highest common divisor of 694 and 1017751.
347
What is the greatest common divisor of 63992 and 1216?
152
Calculate the greatest common factor of 574 and 25543.
287
What is the greatest common divisor of 1457984 and 218?
218
Calculate the highest common factor of 366 and 23546.
122
Calculate the greatest common factor of 47216 and 1768.
104
What is the highest common divisor of 2542 and 8804?
62
Calculate the greatest common divisor of 720 and 19220.
20
What is the greatest common divisor of 42398 and 774?
86
What is the greatest common factor of 605 and 95?
5
Calculate the highest common factor of 1225 and 665.
35
Calculate the highest common divisor of 9 and 55977.
3
Calculate the highest common divisor of 21 and 91497.
21
What is the highest common factor of 1227 and 46217?
409
Calculate the greatest common factor of 283 and 492703.
283
Calculate the greatest common divisor of 632620 and 3760.
940
Calculate the greatest common factor of 162 and 96846.
6
What is the highest common factor of 37 and 541014?
37
What is the highest common factor of 3489773 and 58?
29
What is the greatest common divisor of 426 and 642?
6
Calculate the highest common divisor of 6034324 and 76.
76
Calculate the greatest common factor of 104 and 885352.
104
Calculate the highest common factor of 8856 and 1088.
8
Calculate the greatest common divisor of 240786 and 594.
54
What is the highest common factor of 28126 and 3528?
98
Calculate the greatest common divisor of 1862 and 722.
38
Calculate the highest common divisor of 42 and 58814.
14
Calculate the highest common divisor of 6031 and 17767.
163
What is the greatest common divisor of 120555 and 15?
15
Calculate the greatest common divisor of 1584 and 173712.
528
What is the greatest common divisor of 4 and 8830936?
4
Calculate the highest common factor of 3638648 and 472.
472
Calculate the highest common factor of 34 and 110772.
34
What is the highest common divisor of 100770 and 3390?
30
What is the greatest common factor of 60 and 844140?
60
What is the greatest common divisor of 60 and 3303420?
60
Calculate the greatest common divisor of 5764 and 9563.
131
Calculate the greatest common divisor of 352 and 122144.
352
Calculate the highest common divisor of 149205 and 210.
105
Calculate the greatest common factor of 219 and 3003585.
219
Calculate the highest common factor of 364 and 1487213.
91
Calculate the highest common divisor of 300 and 345750.
150
Calculate the greatest common divisor of 418213 and 113.
113
What is the greatest common factor of 24264 and 1017?
9
Calculate the greatest common divisor of 240 and 288960.
240
Calculate the greatest common factor of 75 and 135850.
25
Calculate the highest common factor of 190 and 10205.
5
Calculate the greatest common divisor of 15778 and 138.
46
Calculate the highest common divisor of 609 and 6206.
29
Calculate the highest common factor of 207254 and 14975.
599
What is the highest common factor of 7180 and 32?
4
What is the highest common divisor of 120 and 3242415?
15
Calculate the greatest common divisor of 2079 and 5159.
77
Calculate the greatest common divisor of 21715 and 4040.
505
Calculate the highest common divisor of 39 and 437.
1
Calculate the highest common factor of 302091 and 1515.
303
What is the greatest common factor of 32390 and 369?
41
Calculate the greatest common divisor of 15822 and 918.
54
What is the greatest common divisor of 136 and 222377?
17
Calculate the highest common divisor of 348 and 45196.
4
What is the greatest common divisor of 16 and 13768?
8
What is the highest common divisor of 83181 and 1428?
357
Calculate the greatest common divisor of 153448 and 1.
1
What is the highest common factor of 84 and 130718?
14
Calculate the greatest common factor of 97 and 251327.
97
Calculate the greatest common divisor of 810 and 42390.
270
What is the greatest common divisor of 172190 and 335?
335
What is the highest common factor of 247 and 513437?
19
Calculate the highest common factor of 2365608 and 168.
168
What is the highest common divisor of 353513 and 337?
337
What is the highest common divisor of 9747 and 855?
171
What is the highest common divisor of 134485 and 26?
13
What is the highest common divisor of 270 and 470826?
54
Calculate the highest common divisor of 6188 and 434.
14
What is the highest common divisor of 10169 and 1?
1
What is the highest common factor of 97897 and 4?
1
Calculate the greatest common divisor of 8113 and 47614.
133
What is the highest common divisor of 19799 and 117?
13
What is the greatest common divisor of 31655 and 195?
65
Calculate the highest common factor of 21 and 158277.
21
What is the highest common factor of 5229 and 5727?
249
Calculate the greatest common factor of 42 and 117866.
14
What is the greatest common factor of 616204 and 381?
127
What is the greatest common divisor of 56470 and 10?
10
Calculate the highest common factor of 300 and 8175.
75
What is the highest common factor of 110682 and 216?
18
Calculate the greatest common divisor of 107267 and 51232.
1601
What is the greatest common divisor of 21 and 9123?
3
What is the greatest common divisor of 4576 and 858?
286
Calculate the highest common divisor of 27 and 15183.
9
Calculate the greatest common divisor of 13436438 and 41.
41
Calculate the highest common factor of 4509 and 6179.
167
Calculate the greatest common divisor of 9219 and 1417092.
1317
What is the greatest common divisor of 51168 and 672?
96
Calculate the highest common divisor of 5220 and 645.
15
Calculate the highest common factor of 115492 and 156.
52
What is the greatest common divisor of 219 and 163593?
219
Calculate the greatest common factor of 62 and 1240341.
31
Calculate the greatest common divisor of 3113825 and 275.
275
Calculate the highest common divisor of 140 and 26145.
35
What is the highest common divisor of 236 and 3042866?
118
What is the highest common divisor of 136 and 662252?
68
What is the highest common divisor of 73787 and 14?
7
Calculate the greatest common factor of 66 and 28622.
22
Calculate the greatest common factor of 21632 and 4576.
416
What is the highest common divisor of 38600 and 30?
10
Calculate the greatest common factor of 40 and 1771060.
20
What is the greatest common factor of 2024568 and 117?
117
What is the highest common factor of 42148 and 2132?
164
What is the highest common factor of 9339 and 297?
33
Calculate the highest common divisor of 798378 and 42.
42
What is the greatest common divisor of 1972324 and 1548?
172
Calculate the greatest common factor of 124325 and 25.
25
Calculate the highest common divisor o